 n*w(y) + 2*c(y). What is h(0)?
-1
Let z(s) = s**2 - 11*s + 30. Let b be z(7). Let m(y) = -4*y**3 + 2*y**2 + 2*y - 1. Calculate m(b).
-21
Suppose 33*a - 111 - 87 = 0. Let o(s) = s**3 - 6*s**2 - 10. Calculate o(a).
-10
Suppose 2*u = 3 - 1. Let f be -1*u*(-10 + 5). Suppose 0 = 2*j - f*j + 6, -2*x = j - 16. Let k(z) = -z + 8. Determine k(x).
1
Suppose 4*l - 6 = -s, -3*l + 19 + 20 = -5*s. Let r be 9/(-6)*(-52)/s. Let j = -14 - r. Let f(d) = -5*d - 1. What is f(j)?
4
Let c(s) = -s**2 + s + 4. Let o(z) = 20*z**3 + 2*z**2 - 1. Let x be o(1). Let m = -21 + x. Determine c(m).
4
Let r(u) = 53*u + 429. Let p be r(-8). Let k(i) = 4*i**2 + i - 3. Let d(b) = -b**2 + b + 1. Let n(x) = 5*d(x) + k(x). Determine n(p).
7
Let d(z) be the second derivative of -z**4/12 - z**3/6 - 9*z**2/2 - z. Let r(w) = w**2 + 2*w - 1. Let q be r(1). Let g be (q + (1 - 3))/(2 - 0). Calculate d(g).
-9
Let j(f) = 307*f - 155*f - 142*f. Calculate j(-2).
-20
Suppose -46 = -9*i + 80. Let j(r) = -r**2 + 14*r + 6. Give j(i).
6
Let v(k) be the first derivative of k**3/3 + k**2/2 + 17*k - 91. Give v(0).
17
Let n(q) be the first derivative of q**2/2 + 10*q + 35. Let o(l) = -l - 10. Let u(z) = 2*n(z) + 3*o(z). Give u(7).
-17
Let h(u) = u**2 - u - 7. Let s be (-2)/(-4) - (-12)/8. Let x(c) = -4 + c + 0*c - s. Let d be x(6). What is h(d)?
-7
Let r = -27 - -30. Let f be r*1*(-22)/(-66). Let u(k) = 6*k**2 + 30*k + f - 28*k + 4*k**2. Give u(-1).
9
Let g(j) = -7*j**3 - 13*j**2 + 10*j - 1. Let t(l) = 6*l**3 + 11*l**2 - 9*l. Let b(k) = 5*g(k) + 6*t(k). Determine b(-2).
-1
Let i(o) = o**2 - 5*o - 16. Suppose 158*t = 155*t + 21. What is i(t)?
-2
Let x(s) be the first derivative of s**4/4 + s**3/3 + s**2/2 + s + 15. Let v(d) = 3*d**3 - 3*d**2 - 2*d - 5. Let p(l) = -v(l) + 4*x(l). Calculate p(-6).
9
Let q(v) = v**3 + 17*v**2 - 18*v - 1. Let c be q(-18). Let j(f) = -6*f. Determine j(c).
6
Suppose 0 = -2*m + 5*g + 9, -2*m - 2*g + 0 = -2. Suppose 7*l + m = 6*l. Let v be -2 + l*(0 + -1). Let w(a) = a**3 + a**2 + a + 6. Determine w(v).
6
Let n(i) = -i + 12. Let p be n(9). Suppose -2*x - 2*w = p*x - 18, -5 = 5*w. Let r(f) = f**2 + 14 + x*f**3 - 3 - f - 10. Calculate r(1).
5
Let m(a) = a**2 + 7*a + 7. Let p be (464/20 - 4) + 2/(-10). Suppose 0 = -4*w - 1 - p. Give m(w).
-3
Let o(w) = -w**3 - 11*w**2 - 28*w - 65. Let b be o(-9). Let q(z) = z**3 - 26*z**2 + 27*z - 40. What is q(b)?
10
Let a(h) = h**3 - 4*h**2 + h + 2. Let u be -9 + 6 - (0 - 8). Determine a(u).
32
Let j(r) = 2*r**2 - 4. Suppose -30*m = -45 + 135. Determine j(m).
14
Let o(i) be the second derivative of 3/2*i**2 + 0 - 1/3*i**3 + 5*i - 1/12*i**4. Let u be (1*(-8)/(-18))/((-8)/(-36)). Give o(u).
-5
Let y(o) = 0 - 16*o + o - 1. Let b be 18/(-12)*4/(-6). Suppose -3*p = 2 + b. Calculate y(p).
14
Let v(k) be the first derivative of 4/3*k**3 - 1/4*k**4 - 7 - 3/2*k**2 + 3*k. Suppose 5*a = 3*j + 12, -2*a - 2*a - 3*j + 15 = 0. What is v(a)?
3
Let g(q) = -q - 2. Let x(u) = -8*u - 1. Let o(d) = -16*d - 3. Let a(h) = 6*o(h) - 13*x(h). Let r be a(0). Calculate g(r).
3
Let o(k) = -k**3 - 4*k**2 - 8*k - 1. Let t be o(-4). Suppose -5*b + d = t, 32 = -4*b - 2*d - 4. Let u(v) = v**3 + 7*v**2 - 2*v + 2. What is u(b)?
16
Let i(y) = 15*y**3 + 5*y**2 + 5*y - 12. Let d(b) = 13*b**3 + 5*b**2 + 4*b - 11. Let p(r) = -7*d(r) + 6*i(r). Let g = -5 + 0. Calculate p(g).
-5
Let g(p) = -p - 12. Let a be g(-8). Let x be 8/((12/(-9))/a). Let z be (-8)/x*(0 + -3). Let t(d) = -7*d**3 - d**2 + 1. Determine t(z).
-7
Suppose 6*x - 2*x - 20 = 0. Let w(z) be the third derivative of -1/120*z**6 - 5/24*z**4 + 0*z + 0 + 29*z**2 + 1/10*z**5 + 5/6*z**3. Determine w(x).
5
Suppose 5*d - 15 = 5*i, 4*i = 2*d - 30 + 12. Let r(c) be the first derivative of 7*c**2/2 - 1. Let w(p) = 5*p. Let q(a) = i*w(a) + 5*r(a). Give q(-2).
-10
Let f be 4/10 - (-18)/5. Suppose -f*v + 16 = 0, 0 = -2*g + 3*g - 2*v + 12. Let c(k) = 220 + 4*k - 113 - 107 + k**2. What is c(g)?
0
Let t(r) be the third derivative of -r**5/60 + r**4/4 - r**3 + 5*r**2. Let o be (-2)/11 + 828/198. What is t(o)?
2
Let d(n) = n + 1. Let t(m) = -m**3 + m**2 + m - 5. Suppose 35*x = 32*x. Let v be t(x). Determine d(v).
-4
Let m(p) = 3*p**3 - p + 1. Let j(n) = -n**2 - n. Let i(s) = 4*s**2 + 23*s + 6. Let h(u) = -i(u) - j(u). Let f be h(-7). Determine m(f).
3
Let c(q) = -q**3 - 12*q**2 - 11*q + 2. Let w = 210 - 221. Give c(w).
2
Let w(r) = 8*r**3 + 2*r**2 - 1. Suppose -2*q = 2*z - 8, 0 = -3*z + 6*q - 3*q + 6. Suppose z*p + 0 = 3. Calculate w(p).
9
Let p(j) = -13*j**3 + j**2 - j + 1. Suppose 0 = 4*b + 166 - 106. Let r be 4/(24/10) - (-10)/b. What is p(r)?
-12
Let s(a) = a. Let z(c) = -c**2 - 4*c + 11. Let r(t) = -3*s(t) + z(t). What is r(-7)?
11
Let c(u) = 11*u**2 - 29*u**2 + u + 17*u**2. Let w be 2/(-6)*0/(-6). Give c(w).
0
Let q(y) be the third derivative of -y**6/60 - y**5/20 + y**4/8 + y**3 + 65*y**2. Calculate q(-2).
4
Let f(b) = -b**3 - 2 + 0*b**3 - 4 + b**2 + b. Let j be (5 - 5)/(11 - 13). Determine f(j).
-6
Let j(a) be the third derivative of a**5/60 - a**4/4 + 7*a**2 - 65*a. Let n(l) = l**2 - 2*l - 1. Let o be n(4). Calculate j(o).
7
Let w(g) = 7*g**2 + 11*g + 10. Suppose 5 = 4*s - 3. Let k(d) = -3*d**2 - 6*d - 5. Let y(m) = s*w(m) + 5*k(m). What is y(-6)?
7
Suppose 4*q + 426 = 458. Let d(z) = 3*z - 1. Determine d(q).
23
Suppose -2*j = 2*j - 644. Let w(h) = 82*h**2 - j*h**2 - 1 + 78*h**2 - 4*h. Determine w(-3).
2
Let t(z) be the third derivative of -z**5/12 - z**4/12 + z**3/6 - 418*z**2. Suppose 2 = 2*a - 0. Calculate t(a).
-6
Let k(w) = -3 - 4*w - w - w. Suppose 3*n + 2*m = -6 - 5, -4 = n + m. Give k(n).
15
Let j = -53 - -48. Let u(c) = c**2 - 3*c - 2. Let k(n) = n**2 - 4*n - 1. Let s(y) = -4*k(y) + 5*u(y). Give s(j).
14
Let g(x) = -x**2 + x. Let p(b) = b**3 - 7*b**2 + 6*b + 2. Let v(a) = 6*g(a) - p(a). Suppose 3*u + 7*d - 3*d = 9, -4*u + 12 = 2*d. Give v(u).
-20
Let n(c) = c**2 - 17*c + 23. Let g be n(16). Let r(l) = 9*l - 11. Let y(i) = 4*i - 6. Let z(x) = -3*r(x) + 7*y(x). Determine z(g).
-2
Let n = 64 - 27. Let x = -33 + n. Let h(w) = -7*w + 4. Let u(l) = l. Let o(v) = -h(v) - 6*u(v). What is o(x)?
0
Let q(b) be the third derivative of b**5/120 + 11*b**4/24 - 17*b**3/2 + 8*b**2 + 3. Let k(c) be the first derivative of q(c). Determine k(-8).
3
Let b = -31 - -40. Suppose -10 = 4*n - b*n. Let d(l) = -1 - n + l - 3 - 1. Give d(8).
1
Let t(s) = -s**2 - 1. Let y = 20 - 18. Let r be -2 - (-2 - y) - 8. Let o = 3 + r. Give t(o).
-10
Let l(c) be the first derivative of 4*c**3/3 + c + 132. Give l(1).
5
Let t(f) = -f**2 + 3*f - 4. Let a be 408/66 - (-4)/(-22). Suppose 16*v = 14*v + a. Let q be t(v). Let u(x) = -x**3 - 5*x**2 - x + 5. Calculate u(q).
-7
Let g(k) = k - 8. Let a be 37 - 0/(1 - -3). Suppose 3*i - 12 = -q, -2*q = -5*i + 2*q + a. What is g(i)?
-3
Let u(y) be the third derivative of 1/30*y**5 + 0*y + 0*y**3 - y**2 + 0 + 1/4*y**4. Let o be (-3 - 2/(-2)) + -2. Calculate u(o).
8
Let f(r) = -1 + 0*r - 10 + r. Let s = 845 - 837. Calculate f(s).
-3
Suppose g - 135 = -5*c, 0*g = -c - 4*g + 46. Suppose -3*h - 2*h - 3*q = 10, h - c = 5*q. Let k(r) = 5*r + r - 4*r + h - r. Give k(5).
6
Let z(d) = -2*d**3 - d. Let j = -32 + 35. Suppose 0*i + 2*t + 9 = -j*i, -4*i - 5*t = 19. Calculate z(i).
3
Let h(l) = 923 - l - 1849 + 923. What is h(13)?
-16
Let n(l) = l + 7. Suppose 7*a = 3*a. Suppose -4*j - 3 = 5*f, 0 = -j - a*f - 3*f + 1. Let h be 30/135 - j/(-9). What is n(h)?
7
Let d(u) = -12*u - 4. Let n be 12 - 11 - 11 - -12. Determine d(n).
-28
Let g = -25 - -55. Let t(u) = 8*u**2 + 9*u**2 + 12*u**2 + 3 + 2*u - g*u**2. Give t(5).
-12
Let l(q) = -q**3 - 7*q**2 - 6*q - 6. Let h be 5 + (-2 - (3 - 4)). Suppose -2*f + 0*u - 4*u + h = 0, 4*u - 34 = 3*f. Calculate l(f).
-6
Let s(a) = 2*a. Let p(i) = -1. Let t(f) = -f**3 - 8*f**2 - 8*f - 8. Let z be t(-7). Let c(g) = z*s(g) + 5*p(g). Let o = 1 + -7. Calculate c(o).
7
Suppose -55*g + 51*g = -144. Let k(m) = 0*m**2 + m**2 + 0*m**2 + 30*m + 5 - g*m. Give k(5).
0
Let q be (-10 + -1)*1 + -2. Let u = -14 - q. Let f(l) = 2*l + 1 - 4*l**2 - l + 4*l - 3*l. Give f(u).
-5
Let f(j) = -2*j**2 + 15*j + 14. Let o(i) = -i**2 + i + 1. Let u(p) = -f(p) + 3*o(p). Determine u(-11).
0
Suppose 4*i - 2*u - 4 = 0, -126*u + 3 = 3*i - 129*u. Let x(v) = -v + 2. Give x(i).
1
Let t be (2/5)/((0 + -5)/(-75)). Let f = 9 + -3. Let n(a) = a**2 